is divided by z(-4).
7
What is the remainder when 8/(-6) + (1011/9)/1 is divided by 38?
35
Let f be (-20)/8*(-6)/5. Suppose 0 = d + 2*h - 6, 3*h - 17 - 1 = -f*d. Let v = -2 + d. What is the remainder when v is divided by 2?
0
Let t(r) = r**3 - 7*r**2 + 8*r + 5. Let x be t(6). Let z = 2 + x. Let p(f) = f. What is the remainder when z is divided by p(7)?
5
Let w = 14 + -2. Suppose -3*c + w = -0*c. Suppose -c*x + 26 = -6. Calculate the remainder when 14 is divided by x.
6
Calculate the remainder when 95 is divided by 35 + (-1 - 2 - -1).
29
Let t(r) = r + 1. Let g be t(1). Let j be (5 - 5) + (4 - g). Suppose -j*y - 60 = -6*y. Calculate the remainder when 29 is divided by y.
14
Suppose -9 - 6 = -5*o, -o = -4*k + 81. Calculate the remainder when k is divided by 6.
3
Suppose 0 = 5*h - 5 - 5. Suppose -2*c - 6 = -3*c. What is the remainder when c is divided by h?
0
Suppose 6*p - 3*p - 15 = 0. Suppose 6*z = p*z + 10. What is the remainder when 17 is divided by z?
7
Let a(v) = -v + 9. What is the remainder when a(3) is divided by 5?
1
Suppose 0*j + 2*j = -4*i - 2, -4*j = -4*i + 16. Calculate the remainder when 3 - (i - (3 - -26)) is divided by 17.
14
Let v(u) = -3*u + 1. Let p = -34 + 73. What is the remainder when p is divided by v(-3)?
9
Let v be (-1)/(-6) + 177/18. Let m be (-5 - 0)*(-36)/v. Suppose 0 = 2*f - m - 20. What is the remainder when f is divided by 7?
5
Suppose 6 = -5*z - 4*r, -2*r + 0 = -2. Let k = z + 11. Calculate the remainder when 25 is divided by k.
7
Suppose i - 42 = -i. Let x = 22 + i. Calculate the remainder when x is divided by 11.
10
Let h(c) = c**3 + 5*c**2 + 3*c + 3. Calculate the remainder when h(-4) is divided by 3.
1
Suppose u = 5*t + 55, 3*t + 2*u = 5*u - 33. What is the remainder when 12/(-18) - t/3 is divided by 2?
1
Let y(a) = -6*a + 2. Let z(s) = -9*s + 3. Let p(q) = 7*y(q) - 5*z(q). Calculate the remainder when p(9) is divided by 14.
12
Let v = -5 - -4. Let h(n) = 13*n**2. Let b = -41 + 65. Calculate the remainder when b is divided by h(v).
11
What is the remainder when ((-3)/(-6) - 4)/((-3)/6) is divided by 1?
0
Suppose t + 5*b = -4*t - 40, 19 = -2*t - 5*b. Let y = t - -11. What is the remainder when 11 is divided by y?
3
Let a = -40 + 29. Calculate the remainder when 3 + 3/(-1) - a is divided by 3.
2
Suppose 0 = -0*x - x + 8. Suppose -4*t + t + b = -x, -4*t + 14 = -2*b. Calculate the remainder when (-16)/(-2*t/2) is divided by 6.
4
Calculate the remainder when (19/(-2))/(1/(-6)) is divided by (-3567)/(-164)*(-4)/(-3).
28
Let b be (123/(-4))/(3/12). What is the remainder when (-3)/(378/b - -3) is divided by 21?
20
Let g be (6/4)/((-4)/8). Let a(y) = 2*y**2 + y - 2. Calculate the remainder when 36 is divided by a(g).
10
Suppose 15 + 13 = 2*c. Let u(q) = 2*q**2 - 2*q + 1. Calculate the remainder when u(5) is divided by c.
13
What is the remainder when (3 + -2)/((-2)/(-82)) is divided by 11?
8
Let n(c) = c**2 - c - 2. Let d be n(2). Suppose -5*m = -d*m - 55. Calculate the remainder when m is divided by 1 + 1 - (0 - 4).
5
Suppose 2*n + 2*d + 15 = 5*n, -n + 3*d = -5. Suppose 62 + 8 = n*h. Suppose 27 = -4*b + 5*b. Calculate the remainder when b is divided by h.
13
Let g = 2 + 2. Suppose 0 = 3*m - 31 - 8. Calculate the remainder when m is divided by g.
1
Let v = 38 - 20. Suppose 4*j - v = j. What is the remainder when 9 is divided by j?
3
Let h = 37 + -13. Let k(g) = g**3 - 9*g**2 - 9*g - 5. Calculate the remainder when (7/(-2))/((-6)/h) is divided by k(10).
4
Suppose 2 = -2*q, -4*o = -3*q + 5*q - 242. Calculate the remainder when o is divided by 21.
19
Suppose 0 = k - 59 + 19. Calculate the remainder when k is divided by 14.
12
Suppose 0 = -0*m - 5*m + 30. Let f(n) = n**3 - 7*n**2 - 6*n - 5. Calculate the remainder when f(8) is divided by m.
5
Let u = -12 + 1. Let t = -4 - u. Let y = t + 7. What is the remainder when y is divided by 8?
6
Let g = -5 - 1. What is the remainder when 18 is divided by 8 + 1 - (-24)/g?
3
Suppose -3*z + 7*z - 12 = 0. Suppose -3*w = c + 18, -c + 5*c = z*w + 3. Let u = w + 19. What is the remainder when 26 is divided by u?
12
Let k = -8 + 34. Calculate the remainder when k is divided by 17.
9
Let k = 52 + -27. What is the remainder when 49 is divided by k?
24
Suppose 8*x = 9*x - 125. Suppose -u - x = -6*u. What is the remainder when u is divided by 14?
11
Let k(s) = 13*s - 3. Suppose 3*y + 15 = 8*y. What is the remainder when k(y) is divided by 13?
10
Let x = -81 + 93. What is the remainder when 31 is divided by x?
7
Let p = 125 - 82. Let g = -2 - 1. Calculate the remainder when p is divided by ((-220)/(-30))/((-2)/g).
10
Suppose 2*f + 10 = -2*y, 3*f + 4*y - 12 + 32 = 0. Suppose -3*v + 0*v + 27 = f. Let q = 49 - 16. What is the remainder when q is divided by v?
6
Let d = -75 - -88. Suppose y + 0*y + 3 = x, 0 = 3*x + 4*y - 23. What is the remainder when d is divided by x?
3
Let z = 54 + -17. Calculate the remainder when z is divided by 20.
17
Suppose 4*h = -3*t + 26, -t = 3*t + h - 52. What is the remainder when 41 is divided by t?
13
Let r(o) = o + 13. What is the remainder when r(16) is divided by 16?
13
Suppose -127 = -4*y + 9. What is the remainder when y is divided by 9?
7
Suppose -2*s + 92 = -6*h + 2*h, h + 86 = 2*s. Calculate the remainder when s is divided by 22.
20
Let s = -184 + 314. Suppose 3*d + 0 + 77 = 2*v, 5*v + 5*d - s = 0. Calculate the remainder when v is divided by 11.
9
Suppose 3*r - 26 = 7. Let t(a) = 4*a - 5. Let j = -21 - -30. What is the remainder when t(j) is divided by r?
9
Let w = 24 + -12. Let v be w/18*(-30)/(-4). Suppose -35 - 25 = -v*c. Calculate the remainder when 22 is divided by c.
10
Let y = 60 + -17. What is the remainder when y is divided by 23?
20
Suppose -3*c = 2*c + 2*f - 243, c = 4*f + 53. Calculate the remainder when c is divided by 10.
9
Suppose -2 - 86 = -4*w + 4*c, c = -2*w + 38. Calculate the remainder when 98 is divided by w.
18
Suppose d = 2*d - 2, 0 = -4*j - 2*d + 304. Suppose 3*r + j = -4*c, -4*c - 3 = 2*r + 47. Let m = r + 36. What is the remainder when 32 is divided by m?
10
Let h = -6 - -33. Let y(n) = -n**2 + 8*n + 10. Let q be y(9). What is the remainder when h is divided by 108/8 + q/2?
13
Suppose -5*d + 4*y - 47 = y, y + 10 = -2*d. Let w(k) = 2*k**2 + 7*k - 2. Suppose r = -r + 24. What is the remainder when w(d) is divided by r?
11
Let v(r) = -r + 1. Let d(i) = -32*i + 1. Let c(t) = d(t) - 2*v(t). Calculate the remainder when c(-2) is divided by 50*4/10*1.
19
Let c(h) = h**2 - h + 7. What is the remainder when c(6) is divided by (-1)/(-6) + (-678)/(-36)?
18
Let u(k) = -3*k**3 - k**2 + k + 1. Let h be 4/(-10) - 3/5. Suppose -2*n - 2*n = -8. Calculate the remainder when u(h) is divided by n.
0
Suppose 0*o - 11 = -2*o - q, -47 = -5*o + 4*q. Calculate the remainder when (-38)/4*(-2)/1 is divided by o.
5
Suppose -5*a - 4 - 6 = 0, -3*u = a - 124. What is the remainder when u is divided by 16?
10
Calculate the remainder when (-5)/15 - (-64)/3 is divided by 6.
3
Suppose 4*f - 5 - 11 = 0, 2*p - 50 = 2*f. Let u = -18 + p. Suppose 2*b - 119 = -3*v, -3*v = 5*b - 0*b - 104. What is the remainder when v is divided by u?
10
Suppose -3*c - 3*k + 210 = 0, 2*k - 43 = c - 119. What is the remainder when c is divided by 41?
31
Let w be (-6)/9 + (-4)/(-6). Suppose -2*f - k + 3*k - 2 = w, 5*k - 41 = -4*f. Calculate the remainder when f is divided by 5/(-15) - (-7)/3.
0
Let b(i) = -i - 7. Let y be b(-6). Calculate the remainder when 42 is divided by ((-54)/(-3))/((-2)/y).
6
Suppose 3*p - 18 - 9 = 0. What is the remainder when 17 is divided by p?
8
Let f = 12 + -12. Let p(s) = 6 + 1 + 0 - s**2. What is the remainder when 13 is divided by p(f)?
6
Suppose c + 0*c = 2. Suppose -c*p - 2 = -4*x, 5*p - 23 = -x + 5. What is the remainder when 0 - (1 - 0 - 8) is divided by x?
1
What is the remainder when -9 - -3 - -5 - -153 is divided by 39?
35
Let k = 8 - 7. Let i(c) = 5*c. Calculate the remainder when 8 is divided by i(k).
3
Suppose -4*p + 2 + 0 = 2*o, 3*p + 3 = 0. Calculate the remainder when o is divided by 3.
0
What is the remainder when 43 is divided by (142/9 - 0) + 44/198?
11
Let c(o) = o**3 + o**2 + 76. Calculate the remainder when c(0) is divided by 26.
24
Suppose -8*t = t - 198. What is the remainder when 87 is divided by t?
21
Let k = -2 + 6. What is the rema